nd 880.
16
Calculate the highest common factor of 23005 and 215.
215
What is the highest common divisor of 4 and 1505152?
4
Calculate the greatest common factor of 3 and 11628.
3
Calculate the highest common factor of 18 and 3489768.
18
What is the highest common divisor of 14520 and 107690?
1210
Calculate the highest common factor of 110092 and 136.
68
What is the greatest common factor of 2945 and 2090?
95
What is the greatest common divisor of 2196 and 1769?
61
Calculate the greatest common factor of 32028 and 510.
102
What is the greatest common factor of 133 and 273581?
133
What is the greatest common divisor of 42 and 93352?
14
What is the highest common divisor of 77300 and 25?
25
Calculate the greatest common factor of 507 and 11739.
39
What is the greatest common divisor of 154125 and 50?
25
What is the highest common divisor of 22632 and 408?
24
What is the highest common divisor of 2 and 16738?
2
What is the highest common divisor of 32631 and 1971?
219
Calculate the greatest common divisor of 2286206 and 52.
26
What is the greatest common divisor of 4 and 31292?
4
What is the highest common factor of 550 and 26050?
50
Calculate the highest common divisor of 218 and 169277.
109
Calculate the highest common factor of 428 and 1924074.
214
What is the highest common divisor of 20460 and 12705?
165
Calculate the greatest common factor of 3138 and 16614.
6
What is the highest common factor of 99 and 210815?
11
What is the greatest common factor of 201 and 51657?
201
Calculate the greatest common factor of 70 and 24300.
10
What is the highest common factor of 1287 and 20889?
99
Calculate the highest common divisor of 28 and 3437.
7
Calculate the greatest common divisor of 1525 and 4150.
25
What is the greatest common factor of 2486732 and 177?
59
What is the greatest common factor of 1925 and 13552?
77
Calculate the highest common divisor of 77736 and 1312.
328
Calculate the highest common factor of 647736 and 1233.
411
Calculate the greatest common factor of 30038 and 46.
46
What is the greatest common divisor of 196 and 661696?
196
Calculate the greatest common divisor of 1658852 and 23.
23
Calculate the greatest common divisor of 262429 and 1462.
731
What is the greatest common divisor of 3357376 and 8360?
1672
What is the highest common factor of 6195 and 25725?
105
Calculate the greatest common divisor of 112 and 2186.
2
Calculate the greatest common divisor of 6777 and 31428.
27
Calculate the highest common divisor of 37310 and 5915.
455
Calculate the greatest common factor of 81438 and 735.
147
What is the highest common divisor of 515298 and 42?
42
Calculate the highest common divisor of 95776 and 11152.
656
Calculate the highest common divisor of 21231 and 6657.
21
What is the highest common factor of 140 and 26516?
28
Calculate the highest common divisor of 23103 and 306.
153
Calculate the greatest common factor of 5029 and 21291.
47
What is the highest common divisor of 2084 and 3468?
4
What is the greatest common divisor of 3588 and 2047?
23
What is the highest common factor of 19836 and 23664?
348
What is the greatest common factor of 475 and 38?
19
Calculate the greatest common divisor of 1540 and 5159.
77
What is the greatest common factor of 767 and 83109?
13
Calculate the greatest common divisor of 1460 and 336676.
292
What is the greatest common factor of 280 and 177680?
40
What is the highest common divisor of 14060 and 445702?
1406
What is the highest common factor of 665000 and 80?
40
Calculate the greatest common divisor of 4753 and 873.
97
What is the highest common factor of 12596 and 4154?
134
What is the greatest common divisor of 9412 and 4758?
26
Calculate the greatest common factor of 4290 and 2112.
66
What is the greatest common divisor of 14405 and 8084?
43
Calculate the greatest common factor of 248 and 2072.
8
What is the greatest common divisor of 95 and 52079?
19
Calculate the greatest common divisor of 3 and 7763.
1
Calculate the highest common factor of 510 and 78285.
255
What is the highest common divisor of 4140 and 4284?
36
Calculate the highest common divisor of 77 and 70224.
77
What is the greatest common divisor of 20466 and 213?
3
What is the highest common factor of 5183 and 355?
71
What is the greatest common factor of 1296 and 256?
16
What is the greatest common factor of 2610 and 518230?
290
Calculate the highest common divisor of 19700 and 370.
10
Calculate the greatest common divisor of 469247 and 62.
31
Calculate the highest common divisor of 5708 and 20.
4
Calculate the greatest common factor of 72 and 448368.
24
What is the highest common factor of 44877 and 42?
21
Calculate the greatest common divisor of 957 and 27057.
87
Calculate the greatest common factor of 54 and 9522.
18
What is the highest common factor of 20 and 84790?
10
Calculate the highest common divisor of 2261 and 13091.
19
Calculate the greatest common divisor of 2499 and 104448.
51
What is the highest common factor of 29 and 46574?
29
What is the highest common divisor of 140 and 807688?
28
What is the greatest common factor of 595 and 4812955?
595
What is the greatest common factor of 360 and 213320?
40
What is the greatest common factor of 245424 and 144?
48
Calculate the greatest common factor of 721827 and 35028.
1251
Calculate the greatest common divisor of 227502 and 44.
22
What is the highest common divisor of 3895 and 647349?
779
Calculate the highest common divisor of 57 and 9519.
57
What is the highest common factor of 7050 and 54285?
705
Calculate the greatest common factor of 22230 and 45.
45
Calculate the highest common factor of 198600 and 6.
6
What is the highest common factor of 78 and 1287012?
6
Calculate the highest common divisor of 44 and 22561.
11
What is the highest common divisor of 70324 and 32?
4
What is the highest common factor of 29 and 562687?
29
Calculate the greatest common factor of 376 and 4747.
47
What is the highest common factor of 66050 and 150?
50
What is the highest common divisor of 336 and 3408?
48
Calculate the greatest common divisor of 252 and 29764.
28
What is the highest common factor of 113 and 31301?
113
Calculate the highest common divisor of 150 and 1111020.
30
Calculate the highest common factor of 2925 and 9675.
225
What is the greatest common divisor of 425854 and 66?
22
Calculate the greatest common factor of 3703 and 25438.
161
Calculate the greatest common factor of 16192 and 7168.
64
Calculate the greatest common divisor of 14079415 and 35.
35
Calculate the highest common factor of 1914568 and 2136.
712
What is the highest common divisor of 4661 and 41712?
79
What is the highest common factor of 92 and 209852?
92
Calculate the greatest common divisor of 26676 and 1118.
26
Calculate the highest common divisor of 784 and 869456.
784
What is the greatest common divisor of 8781 and 21?
3
Calculate the greatest common factor of 2706 and 22242.
66
What is the greatest common factor of 4064 and 5969?
127
Calculate the highest common factor of 1043 and 13979.
7
Calculate the highest common divisor of 24265 and 230.
115
Calculate the greatest common factor of 700 and 3700.
100
What is the greatest common divisor of 6721337 and 7?
7
Calculate the greatest common factor of 29220 and 45.
15
Calculate the greatest common factor of 255 and 20315.
85
Calculate the highest common factor of 600805 and 9095.
535
What is the highest common factor of 88754 and 2786?
398
What is the greatest common factor of 36 and 461583?
9
Calculate the greatest common factor of 3255 and 1345710.
465
What is the highest common factor of 21710 and 481?
13
What is the greatest common factor of 1862 and 32046?
98
What is the greatest common divisor of 72154 and 774?
86
Calculate the highest common factor of 195 and 19409.
13
Calculate the highest common factor of 1824 and 556776.
456
Calculate the highest common factor of 94557 and 1419.
129
Calculate the greatest common factor of 19047 and 105.
21
Calculate the highest common factor of 14960 and 40970.
170
What is the greatest common divisor of 14570 and 3995?
235
Calculate the greatest common divisor of 14 and 440034.
14
Calculate the greatest common factor of 408 and 600.
24
Calculate the highest common factor of 1284 and 2390808.
1284
Calculat